, 509
What are the prime factors of 500139?
3, 61, 911
List the prime factors of 3041757.
3, 337973
List the prime factors of 2576940.
2, 3, 5, 29, 1481
What are the prime factors of 193130?
2, 5, 7, 31, 89
List the prime factors of 1188778.
2, 23, 43, 601
What are the prime factors of 374233?
23, 53, 307
List the prime factors of 9179747.
29, 349, 907
List the prime factors of 2020283.
863, 2341
List the prime factors of 910172.
2, 139, 1637
List the prime factors of 4226533.
4226533
List the prime factors of 1298077.
11, 199, 593
What are the prime factors of 1040239?
83, 151
What are the prime factors of 25918409?
11, 2356219
List the prime factors of 1263933.
3, 11, 17, 751
List the prime factors of 14682299.
14682299
What are the prime factors of 9577429?
9577429
What are the prime factors of 3547977?
3, 1182659
What are the prime factors of 1916687?
1916687
List the prime factors of 540193.
97, 5569
What are the prime factors of 1801661?
109, 16529
What are the prime factors of 2377107?
3, 29347
List the prime factors of 16623411.
3, 7, 23, 127, 271
What are the prime factors of 9230170?
2, 5, 923017
List the prime factors of 18650681.
7, 47, 83, 683
List the prime factors of 4092248.
2, 29, 31, 569
List the prime factors of 201822.
2, 3, 33637
What are the prime factors of 1139875?
5, 11, 829
List the prime factors of 998219.
998219
What are the prime factors of 304760?
2, 5, 19, 401
What are the prime factors of 4821930?
2, 3, 5, 5953
What are the prime factors of 726705?
3, 5, 7, 769
List the prime factors of 6554142.
2, 3, 7, 2477
List the prime factors of 22574.
2, 11287
List the prime factors of 3162337.
227, 13931
List the prime factors of 627038.
2, 19, 29, 569
What are the prime factors of 4433634?
2, 3, 17, 14489
What are the prime factors of 4806178?
2, 13, 31, 67, 89
What are the prime factors of 440878?
2, 17, 12967
List the prime factors of 2180355.
3, 5, 137, 1061
What are the prime factors of 10190802?
2, 3, 19, 89393
What are the prime factors of 52744?
2, 19, 347
What are the prime factors of 14124822?
2, 3, 2354137
What are the prime factors of 38293?
149, 257
List the prime factors of 19932841.
47, 424103
What are the prime factors of 119037?
3, 39679
What are the prime factors of 3364957?
19, 29, 31, 197
List the prime factors of 5049223.
107, 47189
List the prime factors of 9843220.
2, 5, 223, 2207
List the prime factors of 624392.
2, 78049
List the prime factors of 125981.
53, 2377
What are the prime factors of 873739?
873739
What are the prime factors of 32028463?
32028463
What are the prime factors of 217058?
2, 108529
What are the prime factors of 1496169?
3, 37, 4493
List the prime factors of 210904.
2, 41, 643
What are the prime factors of 1283657?
599, 2143
List the prime factors of 1784617.
1784617
List the prime factors of 162889.
162889
List the prime factors of 2113491.
3, 17, 29, 1429
What are the prime factors of 2394534?
2, 3, 593, 673
List the prime factors of 851497.
83, 10259
What are the prime factors of 1222834?
2, 43, 59, 241
List the prime factors of 2226214.
2, 29, 131, 293
List the prime factors of 461544.
2, 3, 19231
What are the prime factors of 627102?
2, 3, 7, 79
What are the prime factors of 368696?
2, 17, 2711
List the prime factors of 565507.
565507
What are the prime factors of 796318?
2, 193, 2063
List the prime factors of 93677.
113, 829
What are the prime factors of 295019?
47, 6277
What are the prime factors of 14025142?
2, 7012571
List the prime factors of 75039.
3, 25013
List the prime factors of 607437.
3, 67493
List the prime factors of 762394.
2, 19, 20063
What are the prime factors of 151467?
3, 29, 1741
What are the prime factors of 6443?
17, 379
What are the prime factors of 12507496?
2, 43, 103, 353
List the prime factors of 533140.
2, 5, 19, 23, 61
List the prime factors of 164244.
2, 3, 13687
List the prime factors of 4421208.
2, 3, 11, 16747
What are the prime factors of 296828?
2, 7, 10601
List the prime factors of 3122236.
2, 13, 97, 619
List the prime factors of 4264337.
7, 11, 55381
List the prime factors of 67263.
3, 7, 3203
List the prime factors of 10361197.
7, 11, 47, 409
What are the prime factors of 473111?
167, 2833
What are the prime factors of 21621609?
3, 2402401
What are the prime factors of 2655390?
2, 3, 5, 88513
What are the prime factors of 3404531?
13, 261887
What are the prime factors of 992946?
2, 3, 73, 2267
What are the prime factors of 419543?
17, 23, 29, 37
List the prime factors of 509027.
509027
List the prime factors of 1293748.
2, 19, 29, 587
List the prime factors of 97235.
5, 19447
What are the prime factors of 1318225?
5, 67, 787
List the prime factors of 9701395.
5, 11, 176389
List the prime factors of 210607.
47, 4481
List the prime factors of 9796731.
3, 7, 449, 1039
What are the prime factors of 1484453?
1484453
What are the prime factors of 90576?
2, 3, 17, 37
What are the prime factors of 17833451?
1153, 15467
What are the prime factors of 32641517?
32641517
List the prime factors of 241249.
241249
List the prime factors of 231822.
2, 3, 53
What are the prime factors of 1688443?
1688443
What are the prime factors of 4628959?
37, 125107
List the prime factors of 2411404.
2, 19, 31729
What are the prime factors of 377987?
431, 877
What are the prime factors of 186319?
7, 43, 619
What are the prime factors of 383375?
5, 3067
List the prime factors of 168032.
2, 59, 89
List the prime factors of 20698213.
251, 82463
What are the prime factors of 18395221?
13, 61, 23197
List the prime factors of 2458407.
3, 7, 167, 701
What are the prime factors of 112885?
5, 107, 211
List the prime factors of 284707.
284707
List the prime factors of 1723542.
2, 3, 287257
List the prime factors of 947995.
5, 189599
List the prime factors of 10957707.
3, 17, 23873
List the prime factors of 172894.
2, 137, 631
What are the prime factors of 48040?
2, 5, 1201
List the prime factors of 330858.
2, 3, 11, 557
List the prime factors of 18971702.
2, 9485851
What are the prime factors of 16977121?
7, 541, 4483
List the prime factors of 617358.
2, 3, 7, 14699
What are the prime factors of 786366?
2, 3, 7, 79
What are the prime factors of 7581580?
2, 5, 137, 2767
List the prime factors of 16523449.
16523449
What are the prime factors of 62865?
3, 5, 11, 127
List the prime factors of 4057466.
2, 7, 31, 9349
What are the prime factors of 1845392?
2, 115337
List the prime factors of 1693076.
2, 7, 11, 23, 239
List the prime factors of 10446442.
2, 31, 168491
What are the prime factors of 1712537?
29, 59053
What are the prime factors of 266616?
2, 3, 7, 23
What are the prime factors of 770516?
2, 192629
What are the prime factors of 224044?
2, 79, 709
What are the prime factors of 903804?
2, 3, 11, 41, 167
List the prime factors of 3454846.
2, 19, 90917
What are the prime factors of 17488360?
2, 5, 19, 23011
List the prime factors of 485333.
17, 28549
What are the prime factors of 1055741?
1055741
What are the prime factors of 9260101?
37, 107, 2339
List the prime factors of 1572796.
2, 37, 10627
What are the prime factors of 2282541?
3, 760847
List the prime factors of 1337073.
3, 445691
List the prime factors of 6496194.
2, 3, 1082699
What are the prime factors of 1585855?
5, 317171
What are the prime factors of 358654?
2, 179327
List the prime factors of 5671361.
5671361
What are the prime factors of 11977043?
13, 23, 41, 977
List the prime factors of 16431583.
7, 2347369
List the prime factors of 34434342.
2, 3, 41, 103, 151
What are the prime factors of 200295?
3, 5, 4451
List the prime factors of 1919643.
3, 11, 58171
What are the prime factors of 800486?
2, 400243
What are the prime factors of 1658396?
2, 19, 21821
List the prime factors of 7913241.
3, 7, 149, 281
What are the prime factors of 5181876?
2, 3, 7, 20563
What are the prime factors of 2322325?
5, 92893
List the prime factors of 18623754.
2, 3, 1034653
List the prime factors of 13894157.
13894157
List the prime factors of 1419937.
263, 5399
What are the prime factors of 937788?
2, 3, 17, 4597
List the prime factors of 117535.
5, 11, 2137
List the prime factors of 2955237.
3, 985079
What are the prime factors of 1664784?
2, 3, 11, 1051
What are the prime factors of 177408?
2, 3, 7, 11
What are the 